t u(p) = p**2 + 16695*p + 83458. Calculate u(-5).
8
Let a(k) = k**3 + 3*k**2 - 427*k - 1276. What is a(-3)?
5
Let b(p) = 154136*p - 1078858. Give b(7).
94
Let i(k) = -3454701*k + 17273498. Calculate i(5).
-7
Let k(f) = -f**2 + 46*f + 698. Determine k(-12).
2
Let k(w) = -w**3 + 17*w**2 + 23*w + 75. Determine k(-5).
510
Let x(v) = -3*v**3 + 69*v**2 - 31*v - 875. Calculate x(22).
-105
Let j(u) = 35307*u + 282463. Give j(-8).
7
Let w(f) = -f**2 + 1665*f + 20190. Give w(-12).
66
Let t(n) = 56*n**2 - 4343*n - 1716. Determine t(78).
234
Let p(w) = w**3 + 11*w**2 - 1582*w - 18865. Give p(-12).
-25
Let q(m) = -2*m**3 - 134*m**2 - 131*m + 324. Calculate q(-66).
258
Let b(h) = 5*h**2 - 220*h - 5991. What is b(63)?
-6
Let x(h) = -20064*h + 20078. Determine x(1).
14
Let t(y) = 4346*y - 230336. Determine t(53).
2
Let m(n) = -n**3 - 4*n**2 + 333*n + 1859. Calculate m(-5).
219
Let m(a) = 3*a**2 - 212*a + 1943. What is m(11)?
-26
Let g(z) = -12958*z - 207406. Give g(-16).
-78
Let u(x) = -2*x**2 - 770*x - 8253. Determine u(-11).
-25
Let a(s) = 2*s**3 + 158*s**2 - 1192*s + 14. Determine a(7).
98
Let t(h) = h**2 + 1010*h - 14345. Calculate t(14).
-9
Let z(o) = o**2 - 14252*o - 171219. What is z(-12)?
-51
Let l(u) = -6373*u - 860348. What is l(-135)?
7
Let m(d) = 42331*d - 42444. What is m(1)?
-113
Let g(b) = b**2 + 192*b - 1977. What is g(10)?
43
Let g(y) = -53055*y + 477455. Determine g(9).
-40
Let c(r) = 124*r - 1166. Give c(15).
694
Let h(w) = w**3 + 55*w**2 - 1235*w - 815. What is h(-72)?
-23
Let m(p) = p**3 + 15*p**2 - 70*p + 212. What is m(-27)?
-6646
Let j(l) = -17*l**3 + 167*l**2 + 25*l + 28. Calculate j(10).
-22
Let g(t) = 98*t**2 + 307*t - 341. What is g(-4)?
-1
Let m(q) = 4*q**3 - 414*q**2 + 207*q - 106. Give m(103).
-3
Let b(q) = q**3 + 424*q**2 + 1648*q - 13443. What is b(-420)?
-3
Let g(i) = 2*i**2 - 242*i + 695. What is g(119)?
219
Let d(k) = -k**3 + 527*k**2 + 521*k + 2297. Calculate d(528).
-1399
Let k(v) = 4*v**2 - 893*v + 890. What is k(223)?
667
Let g(h) = -5374*h - 714711. What is g(-133)?
31
Let h(j) = -265*j**2 + 1168*j + 7. Determine h(-2).
-3389
Let t(f) = -258*f**2 + 4529*f - 18128. What is t(4)?
-4140
Let h(u) = 3*u**3 - 9*u**2 + 272*u + 1156. Calculate h(-4).
-268
Let c(y) = -2391*y + 167367. Calculate c(70).
-3
Let w(i) = 3*i**2 - 100243*i - 2708736. Determine w(-27).
12
Let p(l) = l**2 - 603*l + 48064. What is p(95)?
-196
Let m(k) = k**3 - 168*k**2 - 35*k - 22643. Determine m(169).
3
Let d(a) = 305989*a + 611967. Calculate d(-2).
-11
Let j(n) = -97*n + 5270. What is j(55)?
-65
Let c(y) = y**3 - 29*y**2 - 37*y - 473. What is c(31)?
302
Let q(x) = -2*x**3 + 35*x**2 + 826*x - 114. Determine q(30).
2166
Let z(o) = -2*o**3 - 106*o**2 + 999*o. Calculate z(8).
184
Let c(x) = x**3 - 172*x**2 - 883*x - 36. Give c(177).
318
Let f(s) = -22*s**3 + 3*s**2 + 5*s + 3. Give f(-1).
23
Let x(j) = j**2 + 596*j + 27080. Determine x(-50).
-220
Let h(v) = 6713*v + 6784. Calculate h(-1).
71
Let h(r) = -r**3 + 22064*r**2 - 264622*r - 38. Give h(12).
-14
Let r(d) = -5877*d - 41082. Calculate r(-7).
57
Let m(x) = x**3 - 146*x**2 - 450*x + 483. Determine m(149).
36
Let r(p) = 11*p**2 + 356*p - 40. What is r(-30)?
-820
Let b(p) = 2*p**2 - 436*p + 7076. Calculate b(18).
-124
Let q(w) = -53*w - 11283. Determine q(-146).
-3545
Let x(a) = 440*a - 14919. What is x(29)?
-2159
Let o(r) = -3091*r - 151472. Calculate o(-49).
-13
Let z(h) = 1684*h + 220611. Calculate z(-131).
7
Let h(j) = 2*j**2 - 269*j - 16831. Calculate h(181).
2
Let o(h) = -669*h**2 + 95*h - 81. Determine o(1).
-655
Let s(k) = -4*k**2 + 32514*k - 130067. Calculate s(4).
-75
Let x(q) = -q**3 + 466*q**2 + 8572*q - 2525. What is x(-18)?
-5
Let x(f) = -f**3 - 13*f**2 - 22*f + 404. What is x(10)?
-2116
Let u(a) = -a**3 + 6*a**2 + 152*a + 473. Give u(-8).
153
Let y(n) = 26*n**3 + 124*n**2 + 15*n + 93. What is y(-5)?
-132
Let k(q) = -49*q + 1246. What is k(13)?
609
Let l(c) = 16*c**3 + 82*c**2 - 816*c + 21. Give l(5).
-9
Let j(o) = 3219*o - 209199. Determine j(65).
36
Let m(u) = 2*u**3 - 624*u**2 + 5398*u + 17078. Determine m(303).
110
Let b(t) = -2606*t + 54785. Determine b(21).
59
Let y(f) = 226*f**2 + 5652*f + 15. Give y(-25).
-35
Let m(i) = i**2 + 1330*i + 6628. Determine m(-5).
3
Let a(b) = 13*b**2 + 3317*b + 196. Determine a(-255).
-314
Let k(z) = 15*z**2 + 44*z + 263. What is k(-6)?
539
Let i(x) = 2*x**3 - 2526*x**2 + 2476*x + 60586. Give i(1262).
10
Let n(b) = -124101*b - 4467638. Give n(-36).
-2
Let o(a) = 1383*a + 26332. What is o(-19)?
55
Let s(b) = b**3 - 12*b**2 + 147*b - 1097. Determine s(8).
-177
Let l(o) = 2*o**2 - 20283*o + 60804. What is l(3)?
-27
Let a(t) = t**2 + 555*t + 69697. Determine a(-363).
1
Let v(x) = -5090*x**2 + 76347*x + 39. Calculate v(15).
-6
Let o(r) = -40843*r - 898523. Give o(-22).
23
Let i(z) = z**3 + 25*z**2 - 12*z - 89. Give i(-25).
211
Let s(m) = m**3 - 596*m**2 + 742*m - 442239. What is s(596)?
-7
Let v(z) = 114*z + 15099. What is v(-133)?
-63
Let o(z) = -z**3 + 109*z**2 + 1059*z - 382. Give o(118).
-736
Let c(s) = -s**3 + 19*s**2 - 74*s + 59. Give c(11).
213
Let q(u) = -1286*u - 335652. Determine q(-261).
-6
Let b(t) = -t**2 - 25799*t + 1188880. What is b(46)?
10
Let o(v) = -175*v**2 - 484*v - 1932. What is o(-4)?
-2796
Let w(y) = 56*y**2 - 2253*y + 4748. What is w(38)?
-2
Let i(k) = -1679*k - 255621. What is i(-152)?
-413
Let w(v) = -6081*v - 30138. What is w(-5)?
267
Let p(m) = 10*m**2 - 1331*m + 2564. Calculate p(132).
1112
Let j(m) = -m**2 + 8299*m - 239847. What is j(29)?
-17
Let j(c) = -1277*c - 80423. What is j(-63)?
28
Let w(u) = -u**3 - 4*u**2 + 50581*u + 454826. What is w(-9)?
2
Let s(c) = 76*c + 4306. Give s(-34).
1722
Let v(f) = 2*f**3 + 321*f**2 - 486*f + 525. What is v(-162)?
525
Let g(p) = -4*p**3 + 183*p**2 + 15*p - 135. Give g(46).
-1561
Let p(h) = 24959*h - 34268725. Calculate p(1373).
-18
Let t(z) = 62*z + 301. What is t(-2)?
177
Let k(y) = 25*y**2 + 831*y - 276010. Calculate k(-123).
2
Let k(i) = -1782*i - 216096. Calculate k(-121).
-474
Let r(a) = a**2 + 16668*a + 449309. Give r(-27).
2
Let s(h) = 17*h + 3485. What is s(-200)?
85
Let b(k) = -6*k**3 + 7*k**2 + 972*k - 2895. Give b(3).
-78
Let p(h) = 7*h**3 + 445*h**2 + 88*h + 17895. Calculate p(-64).
-25
Let a(o) = -o**3 - 29*o**2 + 273*o + 8519. Determine a(-18).
41
Let d(y) = -1802*y - 310. Calculate d(0).
-310
Let n(x) = -3629*x - 293856. What is n(-81)?
93
Let k(s) = -913*s - 244618. What is k(-268)?
66
Let y(x) = -6*x**2 + 182*x + 1017. What is y(36)?
-207
Let j(u) = 8*u**2 - 1526*u - 54. Give j(191).
328
Let z(q) = 69*q + 414. Determine z(-10).
-276
Let r(j) = -195*j + 5058. Calculate r(29).
-597
Let z(y) = 2*y**3 + 77*y**2 + 38*y - 38. Calculate z(-1).
-1
Let w(q) = -q**3 - 109*q**2 - 1088*q - 995. Calculate w(-98).
-15
Let j(f) = f**2 + 108*f + 2257. What is j(-69)?
-434
Let j(o) = -18*o**2 + 226*o - 3448. Give j(13).
-3552
Let t(a) = -237*a**2 - 5677*a + 218. What is t(-24)?
-46
Let s(z) = z**3 - 11*z**2 + 26*z - 152. Determine s(6).
-176
Let l(a) = -13*a**3 - 1323*a**2 + 308*a + 277. Calculate l(-102).
73
Let z(v) = -378*v + 12471. Determine z(33).
-3
Let i(m) = 56380*m + 1860542. Calculate i(-33).
2
Let i(d) = 2*d**2 + 298*d + 10329. Give i(-94).
-11
Let u(x) = -18825*x + 56474. What is u(3)?
-1
Let f(o) = -4*o**2 + 288*o - 203. Calculate f(69).
625
Let w(t) = -9*t**2 - 1235*t - 18402. Give w(-17).
-8
Let d(k) = k**2 - 91161*k - 638170. Give d(-7).
6
Let w(g) = -47*g - 3104. What is w(-80)?
656
Let n(p) = -p**2 - 1280*p - 45961. Determine n(-37).
30
Let z(a) = 17*a**2 + 101*a - 741. Give z(8).
1155
Let k(x) = 34445*x + 551507. Calculate k(-16).
387
Let c(r) = -385*r - 39370. Determine c(-103).
285
Let d(j) = -2*j**2 - 128*j + 2322. Calculate d(14).
138
Let z(d) = -752*d + 222900. Give z(296).
308
Let n(x) = 103*x**3 + 5*x**2 - 9*x - 28. Determine n(0).
-28
Let n(r) = r**3 + 18*r**2 + 12*r - 42. Give n(-19).
-631
Let n(j) = 301*j + 1253. Determine n(-5).
-252
Let b(j) = 5*j**3 + 44*j**2 - 189*j - 115. Calculate b(5).
665
Let v(a) = -2*a**3 - 780*a**2 - 59846*a + 416. Give v(-105).
-4
Let b(m) = 68*m**3 - 43859*m**2 - 662*m + 10953. Calculate b(645).
-12
Let a(x) = 51085*x + 5414998. Determine a(-106).
-12
Let x(d) = 31*d + 2186. Determine x(-40).
946
Let t(v) = 5980*v + 11756. Deter